{"id":283,"date":"2025-03-24T22:41:59","date_gmt":"2025-03-24T21:41:59","guid":{"rendered":"https:\/\/www.crefas.fr\/?page_id=283"},"modified":"2025-07-17T12:16:06","modified_gmt":"2025-07-17T10:16:06","slug":"cas-particuliers","status":"publish","type":"page","link":"https:\/\/www.crefas.fr\/index.php\/cas-particuliers\/","title":{"rendered":"Cas particuliers"},"content":{"rendered":"\n<h2 class=\"wp-block-heading\"><strong>Un oiseau a percut\u00e9 une vitre<\/strong><\/h2>\n\n\n\n<p>Suite \u00e0 un choc dans une fen\u00eatre, l&rsquo;oiseau sous le choc est <strong>en difficult\u00e9 mais cela ne signifie pas n\u00e9cessairement qu&rsquo;il est bless\u00e9<\/strong>. Il peut \u00eatre simplement assomm\u00e9. Pour \u00e9viter une prise en charge inutile, et lui \u00e9viter le stress qu&rsquo;engendrerait le trajet, garder l&rsquo;oiseau 24 heures <strong>au calme<\/strong>, dans un carton dans le noir. <strong>Ne surtout pas nourrir l&rsquo;animal, le cageoler ou lui parler<\/strong>. Au bout de 24 heures, si l&rsquo;oiseau est r\u00e9tabli, essayer de le rel\u00e2cher directement sur place. Si l&rsquo;oiseau est toujours en difficult\u00e9, contactez le centre de sauvegarde.<\/p>\n\n\n\n<p>Pour \u00e9viter que les oiseaux percutent vos fen\u00eatres \/ baies vitr\u00e9es plusieurs solutions facile \u00e0 mettre en place existent :<\/p>\n\n\n\n<ul class=\"wp-block-list\">\n<li>Mettre des rideaux visibles depuis l&rsquo;ext\u00e9rieur<\/li>\n\n\n\n<li>Placer des petits autocollants sur les vitres (trouvable sur le site de la LPO par exemple).<\/li>\n<\/ul>\n\n\n\n<h2 class=\"wp-block-heading\"><strong>Chevreuils et sangliers<\/strong><\/h2>\n\n\n\n<p>Le centre de sauvegarde de Millau n&rsquo;est pas habilit\u00e9 \u00e0 recevoir ces esp\u00e8ces. En cas de d\u00e9couverte d&rsquo;un animal visiblement bless\u00e9, contactez l&rsquo;OFB de votre d\u00e9partement : <a href=\"https:\/\/www.ofb.gouv.fr\/contacts-et-implantations\">https:\/\/www.ofb.gouv.fr\/contacts-et-implantations<\/a><\/p>\n\n\n\n<p>Ou le r\u00e9seau centre de soins faune sauvage : <a href=\"https:\/\/www.reseau-soins-faune-sauvage.com\/\">https:\/\/www.reseau-soins-faune-sauvage.com\/<\/a><\/p>\n\n\n\n<p><\/p>\n\n\n\n<h2 class=\"wp-block-heading\"><strong>Martinet au sol<\/strong><\/h2>\n\n\n\n<p>De part leur mode de vie et leur anatomie particuli\u00e8re, les martinets sont incapables de reprendre leur envol depuis le sol.<br>Les diff\u00e9rents cas de figure que vous pouvez rencontrer :<\/p>\n\n\n\n<ul class=\"wp-block-list\">\n<li>Le martinet est bless\u00e9 : contactez le centre de sauvegarde pour organiser sa prise en charge.<\/li>\n\n\n\n<li>Le martinet n&rsquo;est pas bless\u00e9 mais c&rsquo;est un jeune : contactez le centre de sauvegarde pour obtenir des conseils et organiser sa possible prise en charge.<\/li>\n\n\n\n<li>Le martinet est un adulte, non bless\u00e9 : plusieurs crit\u00e9res sont \u00e0 v\u00e9rifier : \n<ul class=\"wp-block-list\">\n<li>En position naturelle, ses ailes doivent d\u00e9passer d&rsquo;au moins 1cm de sa queue<\/li>\n\n\n\n<li>Son poids doit \u00eatre compris entre 40 et 45 grammes<\/li>\n\n\n\n<li>Ses plumes ne soivent pas \u00eatre abim\u00e9es<\/li>\n<\/ul>\n<\/li>\n<\/ul>\n\n\n\n<p>Si tous ces crit\u00e8res sont respect\u00e9s vous pouvez tenter de rel\u00e2cher l&rsquo;oiseau, pour cela placer vous dans un endroit en hauteur id\u00e9alement plut\u00f4t d\u00e9gag\u00e9 pour avoir de la visibilit\u00e9.<\/p>\n\n\n\n<p>Placer le martinet dans votre main ouverte \u00e0 plat en tenant ses pattes entre vos doigts, lever la main vers le ciel, attendez que l&rsquo;oiseau commence \u00e0 battre des ailes et lib\u00e9rez-le.<\/p>\n\n\n\n<p>Si les crit\u00e8res ci-dessus ne sont pas <strong>TOUS<\/strong> respect\u00e9s ou si l&rsquo;oiseau a rat\u00e9 son envol, contactez le centre de sauvegarde.<\/p>\n\n\n\n<figure class=\"wp-block-image size-large\"><img loading=\"lazy\" decoding=\"async\" width=\"886\" height=\"1024\" src=\"https:\/\/www.crefas.fr\/wp-content\/uploads\/2025\/03\/Martinets-noirs-03-886x1024.jpg\" alt=\"\" class=\"wp-image-311\" srcset=\"https:\/\/www.crefas.fr\/wp-content\/uploads\/2025\/03\/Martinets-noirs-03-886x1024.jpg 886w, https:\/\/www.crefas.fr\/wp-content\/uploads\/2025\/03\/Martinets-noirs-03-260x300.jpg 260w, https:\/\/www.crefas.fr\/wp-content\/uploads\/2025\/03\/Martinets-noirs-03-768x887.jpg 768w, https:\/\/www.crefas.fr\/wp-content\/uploads\/2025\/03\/Martinets-noirs-03-1330x1536.jpg 1330w, https:\/\/www.crefas.fr\/wp-content\/uploads\/2025\/03\/Martinets-noirs-03-1773x2048.jpg 1773w, https:\/\/www.crefas.fr\/wp-content\/uploads\/2025\/03\/Martinets-noirs-03.jpg 1875w\" sizes=\"auto, (max-width: 886px) 100vw, 886px\" \/><\/figure>\n","protected":false},"excerpt":{"rendered":"<p>Un oiseau a percut\u00e9 une vitre Suite \u00e0 un choc dans une fen\u00eatre, l&rsquo;oiseau sous le choc est en difficult\u00e9 mais cela ne signifie pas n\u00e9cessairement qu&rsquo;il est bless\u00e9. Il peut \u00eatre simplement assomm\u00e9. Pour \u00e9viter une prise en charge inutile, et lui \u00e9viter le stress qu&rsquo;engendrerait le trajet, garder l&rsquo;oiseau 24 heures au calme, [&hellip;]<\/p>\n","protected":false},"author":1,"featured_media":0,"parent":0,"menu_order":0,"comment_status":"closed","ping_status":"closed","template":"","meta":{"footnotes":""},"class_list":["post-283","page","type-page","status-publish","hentry"],"_links":{"self":[{"href":"https:\/\/www.crefas.fr\/index.php\/wp-json\/wp\/v2\/pages\/283","targetHints":{"allow":["GET"]}}],"collection":[{"href":"https:\/\/www.crefas.fr\/index.php\/wp-json\/wp\/v2\/pages"}],"about":[{"href":"https:\/\/www.crefas.fr\/index.php\/wp-json\/wp\/v2\/types\/page"}],"author":[{"embeddable":true,"href":"https:\/\/www.crefas.fr\/index.php\/wp-json\/wp\/v2\/users\/1"}],"replies":[{"embeddable":true,"href":"https:\/\/www.crefas.fr\/index.php\/wp-json\/wp\/v2\/comments?post=283"}],"version-history":[{"count":6,"href":"https:\/\/www.crefas.fr\/index.php\/wp-json\/wp\/v2\/pages\/283\/revisions"}],"predecessor-version":[{"id":387,"href":"https:\/\/www.crefas.fr\/index.php\/wp-json\/wp\/v2\/pages\/283\/revisions\/387"}],"wp:attachment":[{"href":"https:\/\/www.crefas.fr\/index.php\/wp-json\/wp\/v2\/media?parent=283"}],"curies":[{"name":"wp","href":"https:\/\/api.w.org\/{rel}","templated":true}]}}

<h2 class="wp-block-heading"><strong>Un oiseau a percuté une vitre</strong></h2>



<p>Suite à un choc dans une fenêtre, l&rsquo;oiseau sous le choc est <strong>en difficulté mais cela ne signifie pas nécessairement qu&rsquo;il est blessé</strong>. Il peut être simplement assommé. Pour éviter une prise en charge inutile, et lui éviter le stress qu&rsquo;engendrerait le trajet, garder l&rsquo;oiseau 24 heures <strong>au calme</strong>, dans un carton dans le noir. <strong>Ne surtout pas nourrir l&rsquo;animal, le cageoler ou lui parler</strong>. Au bout de 24 heures, si l&rsquo;oiseau est rétabli, essayer de le relâcher directement sur place. Si l&rsquo;oiseau est toujours en difficulté, contactez le centre de sauvegarde.</p>



<p>Pour éviter que les oiseaux percutent vos fenêtres / baies vitrées plusieurs solutions facile à mettre en place existent :</p>



<ul class="wp-block-list">
<li>Mettre des rideaux visibles depuis l&rsquo;extérieur</li>



<li>Placer des petits autocollants sur les vitres (trouvable sur le site de la LPO par exemple).</li>
</ul>



<h2 class="wp-block-heading"><strong>Chevreuils et sangliers</strong></h2>



<p>Le centre de sauvegarde de Millau n&rsquo;est pas habilité à recevoir ces espèces. En cas de découverte d&rsquo;un animal visiblement blessé, contactez l&rsquo;OFB de votre département : <a href="https://www.ofb.gouv.fr/contacts-et-implantations">https://www.ofb.gouv.fr/contacts-et-implantations</a></p>



<p>Ou le réseau centre de soins faune sauvage : <a href="https://www.reseau-soins-faune-sauvage.com/">https://www.reseau-soins-faune-sauvage.com/</a></p>



<p></p>



<h2 class="wp-block-heading"><strong>Martinet au sol</strong></h2>



<p>De part leur mode de vie et leur anatomie particulière, les martinets sont incapables de reprendre leur envol depuis le sol.<br>Les différents cas de figure que vous pouvez rencontrer :</p>



<ul class="wp-block-list">
<li>Le martinet est blessé : contactez le centre de sauvegarde pour organiser sa prise en charge.</li>



<li>Le martinet n&rsquo;est pas blessé mais c&rsquo;est un jeune : contactez le centre de sauvegarde pour obtenir des conseils et organiser sa possible prise en charge.</li>



<li>Le martinet est un adulte, non blessé : plusieurs critéres sont à vérifier : 
<ul class="wp-block-list">
<li>En position naturelle, ses ailes doivent dépasser d&rsquo;au moins 1cm de sa queue</li>



<li>Son poids doit être compris entre 40 et 45 grammes</li>



<li>Ses plumes ne soivent pas être abimées</li>
</ul>
</li>
</ul>



<p>Si tous ces critères sont respectés vous pouvez tenter de relâcher l&rsquo;oiseau, pour cela placer vous dans un endroit en hauteur idéalement plutôt dégagé pour avoir de la visibilité.</p>



<p>Placer le martinet dans votre main ouverte à plat en tenant ses pattes entre vos doigts, lever la main vers le ciel, attendez que l&rsquo;oiseau commence à battre des ailes et libérez-le.</p>



<p>Si les critères ci-dessus ne sont pas <strong>TOUS</strong> respectés ou si l&rsquo;oiseau a raté son envol, contactez le centre de sauvegarde.</p>



<figure class="wp-block-image size-large"><img loading="lazy" decoding="async" width="886" height="1024" src="https://www.crefas.fr/wp-content/uploads/2025/03/Martinets-noirs-03-886x1024.jpg" alt="" class="wp-image-311" srcset="https://www.crefas.fr/wp-content/uploads/2025/03/Martinets-noirs-03-886x1024.jpg 886w, https://www.crefas.fr/wp-content/uploads/2025/03/Martinets-noirs-03-260x300.jpg 260w, https://www.crefas.fr/wp-content/uploads/2025/03/Martinets-noirs-03-768x887.jpg 768w, https://www.crefas.fr/wp-content/uploads/2025/03/Martinets-noirs-03-1330x1536.jpg 1330w, https://www.crefas.fr/wp-content/uploads/2025/03/Martinets-noirs-03-1773x2048.jpg 1773w, https://www.crefas.fr/wp-content/uploads/2025/03/Martinets-noirs-03.jpg 1875w" sizes="auto, (max-width: 886px) 100vw, 886px" /></figure>

<p>Un oiseau a percuté une vitre Suite à un choc dans une fenêtre, l&rsquo;oiseau sous le choc est en difficulté mais cela ne signifie pas nécessairement qu&rsquo;il est blessé. Il peut être simplement assommé. Pour éviter une prise en charge inutile, et lui éviter le stress qu&rsquo;engendrerait le trajet, garder l&rsquo;oiseau 24 heures au calme, [&hellip;]</p>
